v) = 103438*v - 517. Is y(3) a prime number?
True
Let c = 9 + -6. Suppose -c = 3*n, -21 + 8 = -2*i + 5*n. Suppose i*m - 4*u - 2856 = 0, 2011 + 1564 = 5*m - 4*u. Is m a prime number?
True
Let c be 1*(1/(-2) + 13849/22). Suppose -k - 3*o - 1680 = -c, 4*o = -4*k - 4196. Is (-2)/(-4)*(-7)/(28/k) a composite number?
False
Suppose -3*w - 4283 = 3*t - 8*t, 4*w - t = -5722. Suppose 4*k + v + 2*v - 8540 = 0, -5*k - 5*v + 10680 = 0. Let z = k + w. Is z prime?
True
Let k(j) = 4942*j**3 + j**2 + 21*j - 41. Is k(2) prime?
True
Suppose 36*f - 27009957 = 2*f - 5*f. Is f composite?
True
Let o = -280208 - 157024. Is ((-2)/4)/(24/o) composite?
False
Let g = -24778 - -40457. Is g prime?
True
Suppose -3*u = 4*a - u - 8256, 3*a + 2*u - 6190 = 0. Suppose m = -3*w + 3911, w + a = m - 1833. Is m a prime number?
False
Let n(x) = 10105*x**2 + 195*x - 23. Is n(-9) a composite number?
True
Suppose 0 = -2*y - 6*y + 26*y - 3992526. Is y composite?
False
Suppose -q + 53 = 4*p + 4*q, p + 2*q = 11. Suppose -p*g = -3913 - 1068. Is g composite?
False
Let k be -25*((-5 - 0/4) + 4). Suppose -y = 4*y + k, 20799 = 4*q + y. Is q a prime number?
False
Let r = -181997 + 277968. Is r composite?
False
Is (-1994)/3*-2*(46/8 + -2) a composite number?
True
Suppose 0 = 215*f - 186*f - 9528907. Is f a prime number?
False
Let l = 17278 - -37215. Is l prime?
True
Let k(j) = 16*j**3 + 90*j**2 - 116*j + 21. Is k(31) prime?
True
Let s = 1135 - 394. Is (-4)/22 - s/(-143) - -3256 prime?
False
Let x = -2715 - 5870. Let p = -279 - x. Is p a prime number?
False
Let x = 9 + 1. Let t = x - 3. Let v(g) = -g**3 + 10*g**2 - 3*g + 1. Is v(t) prime?
True
Is -12 - (-390)/33 - (-863357)/121 a composite number?
True
Let b(u) = -234*u**3 + 21*u + 10. Let c be b(-6). Is c/21 - (-4)/6 a composite number?
True
Let o be -7 + -8*1/(-2). Let w be -1 - o - (-2 - -2). Suppose -3*x = -w*x + 4*f - 219, -x = 2*f - 215. Is x composite?
False
Is 8767692/63 + (-65)/91 prime?
True
Let q = 412822 - 197169. Is q a composite number?
False
Let o = 314 - -1220. Suppose -3*i - 4*s = -4617, 3*i = 4*i + 3*s - o. Is i a composite number?
False
Let w be 2232/(-5) - 2/(-5). Let h = 4021 - 4268. Let k = h - w. Is k composite?
False
Let m(z) = z**3 - 9*z**2 + 20*z - 10. Let d be m(6). Suppose 2*p = 5 + 3. Suppose -1355 = -p*x + d*x - r, -3*x = 4*r - 2025. Is x composite?
True
Let i(c) = -1128*c**2 - 1127*c**2 + 5*c + 2265*c**2 + 96. Is i(23) composite?
False
Is 7552920/20 + 19 + -11 composite?
True
Suppose -3*x = -0*x + v, -v = -5*x. Suppose x = -5*k - 5*o + 8795, -k = 3*k - 2*o - 7042. Let w = k + -1195. Is w prime?
False
Suppose -5*c + 2187 = -5113. Is c/9 - 4/18 - -1 prime?
True
Let j(t) = -2737*t + 682. Is j(-7) composite?
False
Let g be (-33)/22 - (-525004)/8. Suppose g = 53*l - 45*l. Is l a prime number?
False
Let t = -41015 - -103806. Is t composite?
False
Suppose 3*i - 342377 = -35*j + 33*j, 0 = -5*j - 3*i + 855920. Is j composite?
True
Let p = 1826402 - 847675. Is p a composite number?
False
Let o = -77560 + 117903. Is o prime?
True
Let x(r) be the third derivative of -r**4/24 + 2*r**3 + 13*r**2. Let y be x(6). Suppose 0 = -8*d + y*d + 802. Is d a composite number?
False
Let r(w) = -1990*w**3 - 4*w**2 - 11*w + 42. Is r(-7) a composite number?
True
Let m(i) = 473*i**2 + 3*i + 19. Let x(h) = -h**3 - 8*h**2 + 10*h + 6. Let l be x(-9). Is m(l) composite?
True
Suppose 62*l = 65*l - 7740. Suppose -5*p + 5*j + l = 0, -7*p - 1555 = -10*p - 4*j. Is p prime?
False
Suppose 18*o = -30*o - 0*o + 16463856. Is o composite?
True
Let m = 242819 - -1601592. Is m prime?
True
Suppose 5*u = 5*b + 19555, 5*u + 2*b + 4838 - 24393 = 0. Suppose 3*l - 15 = 0, 4*s - 3*l - u = 34830. Is s a prime number?
True
Suppose 4*l + 4*i = 4, -3*l + 21 = i - 4*i. Suppose 43*j - 9099 = 40*j + 4*y, 2*j - l*y = 6062. Is j a composite number?
False
Let z be ((5304/(-32))/17)/(3/(-4)). Let c(j) = -6*j + 89*j + 197*j + 20 - 63*j. Is c(z) a composite number?
True
Suppose -3*t + 2 = i, -4*t = i + i. Let z(l) = 21*l + 10 - 2*l**2 - 41 + l**3 - 6*l**t. Is z(13) a prime number?
True
Suppose -404 = -2*n + 1770. Let x = 3872 - 2196. Let j = x - n. Is j a prime number?
False
Let t(u) = -1798*u**3 + 74*u**2 + 30*u + 263. Is t(-9) prime?
True
Is 4/(-10) - (-60926922)/630 a composite number?
True
Let r be 5*2/5 - -3. Suppose r*t = 3*t + 4. Suppose t*x + 5*k - 1688 = 1978, 3*k + 12 = 0. Is x a prime number?
False
Is 2/(-14) + 81378324/1267 a prime number?
False
Let j(x) be the first derivative of -x**4/2 + 16*x**3/3 - x**2 - 47*x + 286. Is j(-12) a prime number?
True
Let t(f) = 11*f - 125. Let r be t(12). Suppose r*b - 5670 = 3388. Is b a prime number?
False
Let p(z) = -z**3 - 16*z**2 - 29*z + 2. Let j be p(-14). Suppose 18*u - 4*i = j*u + 2670, 0 = i + 4. Is u prime?
True
Let f = 272 - 800. Let g = 1323 + f. Is (2 + g/(-4))/((-3)/12) a prime number?
True
Suppose i + 11*i - 8735388 = -0*i. Is i a prime number?
True
Let t(q) = q**2 - 8*q - 35. Let a be t(-46). Let g = 4630 - a. Is g prime?
False
Let j(w) = w + 17. Let q be j(-6). Suppose -5*c = -n + 66, -3*c = -q + 2. Suppose 9*o + n = 684. Is o composite?
False
Let a(b) = 4 - 3*b**2 - 3*b - 6 + 0 - 1180*b**3 - 941*b**3. Is a(-1) composite?
True
Let o(m) = 30*m + 3 + 79*m + 95*m. Let f be o(-1). Is 1*8/12*f/(-1) prime?
False
Let r = 34 + -30. Suppose -h - r*m + 18056 = 3*h, 0 = 2*h - 2*m - 9024. Is h a composite number?
False
Let s = -20764 - -69125. Is s composite?
True
Suppose 6*q - 4*k + 19857 = 484595, -2*k = -2*q + 154912. Is q composite?
True
Let v(k) = -11*k**3 - 2*k**2 - 4*k + 8. Let f be v(-19). Suppose -l - f = -4*l - 2*t, -l + 5*t + 24937 = 0. Is l prime?
False
Suppose 3*q = -0 - 15. Let d(w) = -3*w**3 - w**2 + 3*w - 8. Let s be d(q). Suppose -2*t + 47 = -s. Is t prime?
False
Suppose -70 = -5*i - 15. Let q(y) = -y**3 + 16*y**2 - 14*y - 7. Let b be q(i). Suppose 4*h + b = 8*h. Is h prime?
False
Suppose 32*k + 11*k = 874061. Is k a composite number?
False
Suppose -15*s - 48 + 63 = 0. Let j(g) = 21834*g**2 + g - 2. Is j(s) prime?
False
Let d = -15506 - -6316. Let c = -3293 - d. Is c composite?
False
Let q(u) = 7*u**2 + 1. Let d be q(-1). Let m(o) be the third derivative of 13*o**4/24 - 19*o**3/6 - o**2. Is m(d) prime?
False
Let z = -24313 + 40965. Suppose -16664 = -4*w + z. Is w composite?
False
Let t(p) = -6*p**2 + 2*p - 11. Let f be t(6). Let v = 131 + f. Is 7015/3 + (-4 - v/18) prime?
True
Let v(o) = -o**3 + 38*o**2 + 21*o + 27. Let l be v(36). Suppose 5*h - 22685 = 5*x, 2*h - 3*x - l = 5701. Is h a composite number?
True
Let n = -21034 - -128439. Is n a composite number?
True
Let x be 0 + (-336185)/(-25) - (-2)/(-5). Suppose -x = -10*d - 4917. Is d prime?
True
Let f be (-6)/(-6) + (0/(-2))/(-2). Is 1783/7 - f - 8/(-28) composite?
True
Let x = -95798 + 460975. Is x a composite number?
True
Let m = -44187 - -122054. Is m composite?
False
Let h(y) = 1374*y + 2. Let k = 78 - 75. Let l be h(k). Suppose 5*u - u - l = 0. Is u composite?
False
Let x be (-1)/4 - 6/(-24). Suppose x = -2*z - 4, 4*s + 3*z - 6 = -0*s. Suppose 4*m + 114 = 2*u, -s*u + 219 - 57 = 3*m. Is u prime?
False
Let b = 3 + 22. Suppose 21*j = b*j + 8. Is 221 + (-1 - (-5 - j)) prime?
True
Let s(x) = 3962*x**2 - 10*x - 111. Is s(-5) a composite number?
True
Let a(x) = -x**3 - 18*x**2 - 33*x - 8. Let n = 46 + -62. Let d be a(n). Suppose d*v = 7*v + 95. Is v composite?
True
Let m(f) = 1 - 3*f - 6 + 10*f**2 + f**2 + 15*f**3 + 11*f**3. Let l(s) = s**3 - 2*s**2 - 5*s - 8. Let g be l(4). Is m(g) a composite number?
False
Let a be (-6040)/(-1) - -3*(-25)/(-15). Suppose -6*m = -a - 5793. Is m composite?
False
Suppose 5*i - 6*i = -56. Suppose j + i - 193 = 0. Suppose -p + 165 = -5*g, 2*p - g - 503 = -j. Is p prime?
False
Let h(x) = -6*x**3 + 0*x**3 + 2*x + 5 + 7*x**3 + 24*x**2 + 39. Let f be h(-24). Is f + 3 + 796 - (1 - 3) a composite number?
False
Suppose -323*r = -314*r + 1417078 - 7181191. Is r a composite number?
False
Let a = 1050 - 645. Let n = 1030 - a. Let r = n - 434. Is r a prime number?
True
Let o = -49 - -53. Let d(b) = 6*b**3 - o*b + 10*b**2 - 4*b**3 + 15 - 2*b. Is d(8) composite?
True
Let m be 150 + 0/(-1 + (-2)/2). Let a be ((-22)/4)/(9/(-414)). Let r = a - m. Is r a composite number?
False
Suppose 2 = b - 3. Suppose 4*h + 0*h = -g + 20, -3*g - 8 = -b*h. Sup